c be h(n). Give x(c).
6
Let i(q) = -q**3 - 3*q + 6*q - 7 - 7*q**2 + 3*q**2. Suppose 47*d = 53*d + 30. Give i(d).
3
Let k be (-108)/24*2/(-3). Let s(n) = 2*n**3 - 4*n**2 + n - 4. Calculate s(k).
17
Suppose -5*w - 3*o = 18, -4*w - 4 - 11 = 3*o. Let g(u) = -u**2 - u - 4. Determine g(w).
-10
Let j(w) be the second derivative of 1/20*w**5 + 2*w**2 - w - 5/12*w**4 + 0 + 1/3*w**3. Calculate j(4).
-4
Let v = 7 - 9. Let r = -3 - v. Let j(w) = 9*w**2 - w. Let c(y) = -10*y**2 + 2*y. Let h(i) = 2*c(i) + 3*j(i). Give h(r).
6
Let m(q) be the first derivative of 0*q**3 - 1/2*q**2 - 1 + 1/4*q**4 - q. Let l = -16 + 16. Give m(l).
-1
Let v(s) = s + 4. Suppose l = 2*o + 325, 3*l - 490 = 3*o - l. Let j be (o/(-2))/3 - -1. Suppose 3*x = 2*f - 0*f - 21, -f + j = -5*x. Calculate v(x).
-1
Let g(m) = 7*m + 1. Suppose 2 = -q + 7. Let s = 7 - q. Suppose -2*b - s = -0. Calculate g(b).
-6
Suppose -5*k = h - 2 - 19, -2*k + 4*h + 4 = 0. Let f(o) = -o**3 + 3*o**2 + 3*o - 1. Calculate f(k).
-5
Suppose 3*w + 40 = -11. Let h = 10 + w. Let y(a) = -a - 1. Give y(h).
6
Let w(c) = 4*c - 1. Let o = 15 + -14. What is w(o)?
3
Let a(n) = 9*n + 11. Suppose l = -2, -35 = -2*w + 7*w + 5*l. Let o(k) = -6*k - 7. Let p(r) = w*a(r) - 8*o(r). Calculate p(-1).
-2
Let z(b) = b**3 + 8*b**2 + 6*b - 2. Let o be -1*(5 - 1)*28/16. Give z(o).
5
Let r(a) = -2*a**2 + 1 - 8*a + a**2 - 7. Let g be (2/4)/(15/(-120)). What is r(g)?
10
Suppose 1 + 63 = 8*t. Let n(b) = b**2 - 9*b + 11. Determine n(t).
3
Let h(g) = 5*g**2 + 5*g + 5. Let b(r) = -2*r**2 - 2*r - 2. Let u(c) = -7*b(c) - 3*h(c). Let n = 45 + -28. Suppose n*z = 16*z. Determine u(z).
-1
Suppose 0 = -4*v - 9 - 23. Let d be (-6)/4*v/2. Let h(j) = -j + 6. Determine h(d).
0
Let v(m) = 30*m + 2. Let z(n) = -14*n - 1. Let h(f) = 6*v(f) + 13*z(f). Let i(y) = y**3 + 2*y**2 + 1. Let o be i(-2). What is h(o)?
-3
Let g = 62 + -104. Let j be 6/(-4) - g/12. Let f(d) = -d**3 + 2. Give f(j).
-6
Let d(u) = -3*u + 8. Let z = -76 + 82. Calculate d(z).
-10
Suppose 2*p = p - 5, -37 = -4*n + 5*p. Let c(k) = -k**2 - 3*k + 4. Determine c(n).
-14
Let s(g) = -7*g**3 - 15*g**2 + 6*g + 17. Let v(r) = 3*r**3 + 7*r**2 - 3*r - 8. Let w(q) = 2*s(q) + 5*v(q). What is w(-5)?
9
Let o = -74 + 69. Let u(s) be the third derivative of -s**4/24 - 3*s**3/2 + s**2. Calculate u(o).
-4
Let g(q) be the first derivative of -q**7/840 + q**6/90 + q**5/120 + 5*q**4/24 + q**3/3 - 3. Let c(a) be the third derivative of g(a). Calculate c(4).
9
Let l(z) = 6*z**3 + z**2 - z. Let n(d) = -6*d**3 - 2*d**2 + d. Let i(v) = -3*l(v) - 2*n(v). Determine i(-1).
6
Let v(o) = 908*o + o**3 - 908*o - 2 - 3*o**2. Give v(2).
-6
Let p(f) be the first derivative of f**4/4 + 2*f**3/3 - 5*f**2/2 + 3*f + 2. Calculate p(-4).
-9
Let p(w) = -w + 1. Suppose x + 3*x = -80. Let t = -8 - x. Let q be (t/(-10))/((-2)/(-5)). Give p(q).
4
Suppose 0 = 8*b - 10*b - 4. Let w(v) = 4*v**2 + v - 1. Calculate w(b).
13
Let k(x) be the third derivative of -x**5/60 + x**4/24 + x**3 + 5*x**2. Determine k(0).
6
Let y = 77 + -82. Let d(v) = -2*v**2 - 5*v + 5. Calculate d(y).
-20
Let z = 21 + -18. Let o(n) be the first derivative of -n**3/3 + 3*n - 1. What is o(z)?
-6
Let c(u) = -2*u + 7. Let o = 10 - 6. Suppose -o*x + 33 = 3*t, -4*x + t + 9 = -4*t. Calculate c(x).
-5
Let c(r) = r**3 + 4*r**2 - r + 5. Suppose 0 = -6*m + 4*m + 10. Suppose -2*a = 13 - m. Give c(a).
9
Let w(y) = 156 - 5*y**2 - 314 + 2*y + 157 + 2*y**3. Suppose 3 = m - 4*m + 4*s, -9 = -3*s. What is w(m)?
14
Let a(f) be the third derivative of -f**5/60 + f**4/8 + f**3/2 - f**2. What is a(5)?
-7
Suppose m - 4 = 3*m. Let p(z) = -1. Let o(b) = -5*b + 1. Let y(j) = o(j) + 2*p(j). Calculate y(m).
9
Let w = 2 + -7. Let r = 2 - -1. Let m(s) = -s**r + 5*s + 0*s**3 + 1 - 4 - 4*s**2. What is m(w)?
-3
Suppose -6 + 2 = -j, i = -5*j + 16. Let y(a) = -7*a**2 - 5*a - 4. Let h(f) = -6*f**2 - 5*f - 3. Let t(u) = 6*h(u) - 5*y(u). Give t(i).
6
Let i(b) = b - 9. Let l(p) = p**2 + 1. Let j(u) = -u**3 + 5*u + 3. Let g(o) = -j(o) - 6*l(o). Let x = -11 - -18. Let q be g(x). Calculate i(q).
-4
Let l(j) = j + 1. Let k(a) = -a**2 - 8*a + 4. Let b be k(-8). Suppose -b*u + 7 + 5 = 0. Let s(p) = p. Let i(w) = u*l(w) - 5*s(w). Give i(2).
-1
Let d = -4/15 - -23/30. Let k(h) be the second derivative of -d*h**2 + 1/12*h**4 - 1/3*h**3 + 3*h + 0. What is k(3)?
2
Let z(y) = -y**2 + y - 1. Suppose -6 = -2*a - a. Let m(b) = 2*b**2 - 4*b + 2. Let n be m(2). Suppose 0 = -n*t + 4 - a. Give z(t).
-1
Let w(h) be the second derivative of h**4/4 - h**3/2 + h**2/2 + 3*h. Suppose -5*v + 13 - 3 = 0. Give w(v).
7
Let i(w) = -w**3 + 5*w**2 + w - 1. Let r be (-24)/108 + (-47)/18*-2. What is i(r)?
4
Let j(v) = -v - 31. Let q(s) = -1 - 1 - 4. Let g(m) = -2*j(m) + 11*q(m). Let w = 3 - 0. What is g(w)?
2
Suppose -2*a - 7 = 1. Let r(c) = -c**2 - c + 3. Calculate r(a).
-9
Let p be -20*1 + (0 - -2). Let q be (-112)/(-18) - (-4)/p. Let d(y) = -y + 8. Calculate d(q).
2
Suppose 2*v - 10 = -4*l, 4*v + 16 = 5*l - 3. Let t(j) be the second derivative of 0 - 1/12*j**4 - 1/2*j**l - j**2 - 2*j. Calculate t(-4).
-6
Let r(k) = k**3 - 7*k**2 + 3*k + 8. Suppose 3*c - 13 = 5. Calculate r(c).
-10
Let v(o) be the first derivative of -1/2*o**2 + 3 + 3*o. Calculate v(0).
3
Let a(l) = -l**2 - 7*l + 5. Let q(g) = g**2 + 8*g - 4. Let w(v) = 3*a(v) + 2*q(v). Determine w(-5).
7
Let m(p) be the second derivative of p**5/20 - p**4/12 - p**3/6 - 3*p**2 + p. Suppose 5*k = -5*o + 45, 3*o - k - 1 = 6. Suppose o*q = q. Determine m(q).
-6
Let z(b) be the second derivative of 7*b**5/20 - b**3/3 + b**2/2 + 5*b. Calculate z(1).
6
Let m(v) = -v**3 - v**2 - v + 4. Let t(z) = -z**3 + 5*z**2. Let j be t(5). What is m(j)?
4
Let i be 8/(-2) + 112/14. Let t(k) be the second derivative of -k**5/20 + k**4/3 + k**3/3 - k**2 - 2*k. Calculate t(i).
6
Let h be (-1 - 0) + -6 + -4. Let v(b) = -b**3 - 10*b**2 + 10*b - 6. Calculate v(h).
5
Let c(l) = 4*l - 2*l**3 + l**3 - 5*l**2 - 5 + 2*l**2. Let u(k) = -k**3 - 14*k**2 - 13*k - 4. Let p be u(-13). What is c(p)?
-5
Suppose 3*b + 2*f = -3, 0*b - 1 = b - f. Let u(y) = -7*y**2 + 2*y + 1. Determine u(b).
-8
Let g(b) be the first derivative of b**4 - 2*b**3/3 + b**2/2 + 5. Give g(1).
3
Let z(k) = k**3 + k**2 + 1. Let x be z(-2). Let i(a) = -a**2 - 2*a. What is i(x)?
-3
Let u(l) = l. Let n be -3*2/(-3) + -3. Let m be (10/(-4))/(n/(-2)). Determine u(m).
-5
Let i(p) = -p**3 + 2*p**2. Suppose 4*j + 3*c - 14 = 0, 4*j + 4*c + 0*c = 16. Calculate i(j).
0
Let t(j) = j**3 - 3*j**2 + j - 11. Let v(p) = p**3 - 2*p**2 + p - 10. Let q(y) = -3*t(y) + 4*v(y). Give q(0).
-7
Let v = 5 - 14. Let z = v + 8. Let y(l) = 3*l**2 - 2*l + 0 + 0 - 1. What is y(z)?
4
Let a be (-1 + -19)/(-2) - -2. Let d be (3/(-2))/(6/a). Let f(v) = v**2 - 4. Calculate f(d).
5
Suppose 8*x + 9 = 5*x. Let b(n) = -6*n**2 + 3*n + 5. Let y(u) = -7*u**2 + 4*u + 6. Let j(v) = 6*b(v) - 5*y(v). Calculate j(x).
-3
Let g(n) = 4*n**2 - 5*n + 4. Let u(c) = c**2 - c + 1. Let l(w) = -g(w) + 3*u(w). Give l(3).
-4
Let v = -5 + 8. Let b(y) = 1434*y**3 - 3*y**2 - 2 + 0 - 1433*y**3. What is b(v)?
-2
Let u(q) = -2*q - 1. Let n = 12 - 24. Let k = -8 - n. Suppose 0 = 4*m + 4*v - k, m - 3*v = -7*v + 13. What is u(m)?
5
Let i(u) be the first derivative of -u**2/2 + 6*u - 2. Let k be i(7). Let d(o) = 0*o + o - o + 7*o**3 - o. What is d(k)?
-6
Let f(g) = -g - 2 - 2 + 5. Give f(-3).
4
Let i(b) be the third derivative of b**5/30 - b**4/8 + b**3/6 + 21*b**2. Let t = -4 + 7. Determine i(t).
10
Let l = -8 - -5. Let a be l + 2 + (-12)/(-2). Suppose k = -a*c - 4*k + 40, 11 = -3*c + 4*k. Let q(z) = -z**3 + z**2 + 5*z - 2. Calculate q(c).
-5
Suppose -20*i + 12*i + 32 = 0. Let o(u) be the second derivative of 0 + 1/12*u**i - 1/20*u**5 - 3*u - 2*u**2 + 0*u**3. Determine o(0).
-4
Let y(n) = 3*n - 2*n - 3 + 0*n. Let r(o) = o - 3. Let h(k) = -3*r(k) + 4*y(k). Let z be (0 - 5)/(1 - 2). Calculate h(z).
2
Let z(q) = 5*q**2 - 2*q - 5 - 2*q**2 + 21 + q**2. Let p(x) = -7*x**2 + 3*x - 31. Let l(j) = -3*p(j) - 5*z(j). Determine l(0).
13
Let m be -1*(-2)/(6/3). Let x(n) = n**2 - 1. Let t be x(m). Let g(p) be the third derivative of -p**4/24 + p**3/6 + 2*p**2. Give g(t).
1
Let f(b) be the second derivative of -b**5/20 + b**4/6 + b**3/2 + 2*b**2 + 32*b. Determine f(3).
4
Let z = -21 - -22. Let i(j) = j**2 + j - 1. Give i(z).
1
Let l(p) =